{"id":14042,"date":"2020-04-13T14:33:54","date_gmt":"2020-04-13T12:33:54","guid":{"rendered":"https:\/\/www.strasser-markt.at\/einkaufen\/?page_id=14042"},"modified":"2020-04-13T17:03:39","modified_gmt":"2020-04-13T15:03:39","slug":"ueber-uns","status":"publish","type":"page","link":"https:\/\/www.strasser-markt.at\/einkaufen\/ueber-uns\/","title":{"rendered":"\u00dcber uns"},"content":{"rendered":"<div class=\"wpb-content-wrapper\" id=\"wpb-content-root\"><p>[vc_row css=&#8220;.vc_custom_1586781623994{margin-top: 30px !important;}&#8220;][vc_column][vc_custom_heading text=&#8220;Firmenleitung&#8220; font_container=&#8220;tag:h1|text_align:center&#8220; use_theme_fonts=&#8220;yes&#8220;][\/vc_column][\/vc_row][vc_row css=&#8220;.vc_custom_1586789968977{margin-bottom: 50px !important;}&#8220;][vc_column width=&#8220;1\/3&#8243;][vc_single_image image=&#8220;14043&#8243; img_size=&#8220;full&#8220;][vc_custom_heading text=&#8220;Herbert Strasser&#8220; font_container=&#8220;tag:p|text_align:center&#8220;][\/vc_column][vc_column width=&#8220;1\/3&#8243;][vc_single_image image=&#8220;14048&#8243; img_size=&#8220;full&#8220;][vc_custom_heading text=&#8220;Johann Strasser&#8220; font_container=&#8220;tag:p|text_align:center&#8220;][\/vc_column][vc_column width=&#8220;1\/3&#8243;][vc_single_image image=&#8220;14049&#8243; img_size=&#8220;full&#8220;][vc_custom_heading text=&#8220;Stefan Strasser&#8220; font_container=&#8220;tag:p|text_align:center&#8220;][\/vc_column][\/vc_row][vc_row css=&#8220;.vc_custom_1586789981090{margin-bottom: 50px !important;}&#8220;][vc_column][vc_column_text]<\/p>\n<h1><strong>Wie wir denken, wie wir handeln. <\/strong><\/h1>\n<p>Regionale Verankerung ist f\u00fcr die Strassers mehr als nur ein modisches Schlagwort. Wir nehmen die Verantwortung als DER Nahversorger f\u00fcr unsere Kunden sehr ernst. Unsere Kundschaft steht immer im Vordergrund. Bei uns kauft man entspannt in einem famili\u00e4ren Umfeld ein. Dazu geh\u00f6rt ein freundliches \u201eGr\u00fc\u00df Gott!\u201c genauso wie kompetente Beratung und ein umfangreiches, individuelles Serviceangebot: Altger\u00e4teentsorgung, umfangreiche Garantieangebote f\u00fcr neue Ger\u00e4te und vieles Mehr schaffen ein einzigartiges Rundum-Sorglos-Paket.[\/vc_column_text][\/vc_column][\/vc_row][vc_row css=&#8220;.vc_custom_1586790116994{margin-bottom: 50px !important;}&#8220;][vc_column][vc_column_text css=&#8220;.vc_custom_1586790217485{margin-bottom: 30px !important;}&#8220;]<\/p>\n<h1><strong>Firmengeschichte<\/strong><\/h1>\n<p>[\/vc_column_text][vc_column_text]<\/p>\n<h1><strong>2013<\/strong><\/h1>\n<div class=\"av-milestone-contentbox\">\n<div class=\"av-milestone-content\">\n<p>2013 wechselte Stefan Strasser hauptberuflich ins Unternehmen.<\/p>\n<\/div>\n<\/div>\n<p>[\/vc_column_text][vc_column_text]<\/p>\n<h1><strong>2007<\/strong><\/h1>\n<div class=\"av-milestone-contentbox\">\n<div class=\"av-milestone-content\">\n<p>Die beiden Br\u00fcder Johann und Herbert Strasser arbeiteten schon Jahrzehnte im Betrieb mit und \u00fcbernahmen diesen nach dem Tod ihres Vaters 2007.<\/p>\n<\/div>\n<\/div>\n<p>[\/vc_column_text][vc_column_text]<\/p>\n<h1><strong>1956 &#8211; 2007<br \/>\n<\/strong><\/h1>\n<div class=\"av-milestone-contentbox\">\n<div class=\"av-milestone-content\">\n<div class=\"av-milestone-contentbox\">\n<div class=\"av-milestone-content\">\n<p>1956 wurde das Sortiment vergr\u00f6\u00dfert, Tankstelle, Mischmaschinen, Trafik, etc war f\u00fcr die Kunden am ersten Standort in Naarn erh\u00e4ltlich.<\/p>\n<p>In mehreren Bauetappen hat FRANZ STRASSER das urspr\u00fcngliche kleine<\/p>\n<p>Kaufhaus in der Bahnhofstra\u00dfe um- und ausgebaut. War das Verkaufssortiment bei einer anf\u00e4nglichen Verkaufsfl\u00e4che von 90m\u00b2 f\u00fcr heutige Begriffe eher bescheiden, so wuchs mit der Erweiterung der Verkaufsfl\u00e4che auf 2000m\u00b2 das Warenangebot im Laufe der Jahre imposant an.<\/p>\n<\/div>\n<\/div>\n<\/div>\n<\/div>\n<p>[\/vc_column_text][vc_column_text]<\/p>\n<h1 style=\"text-align: left;\"><strong>1952<br \/>\n<\/strong><\/h1>\n<div class=\"av-milestone-contentbox\">\n<div class=\"av-milestone-content\">\n<div class=\"av-milestone-contentbox\">\n<div class=\"av-milestone-content\" style=\"text-align: left;\">Im Jahre 1952 \u00fcbernahm FRANZ STRASSER in Naarn die von seiner Mutter im Jahre 1927 gegr\u00fcndete Gemischtwarenhandlung.<\/div>\n<\/div>\n<\/div>\n<\/div>\n<p>[\/vc_column_text][vc_separator color=&#8220;white&#8220;][\/vc_column][\/vc_row]<\/p>\n<\/div>","protected":false},"excerpt":{"rendered":"<p>[vc_row css=&#8220;.vc_custom_1586781623994{margin-top: 30px !important;}&#8220;][vc_column][vc_custom_heading text=&#8220;Firmenleitung&#8220; font_container=&#8220;tag:h1|text_align:center&#8220; use_theme_fonts=&#8220;yes&#8220;][\/vc_column][\/vc_row][vc_row css=&#8220;.vc_custom_1586789968977{margin-bottom: 50px !important;}&#8220;][vc_column width=&#8220;1\/3&#8243;][vc_single_image image=&#8220;14043&#8243; img_size=&#8220;full&#8220;][vc_custom_heading text=&#8220;Herbert Strasser&#8220; font_container=&#8220;tag:p|text_align:center&#8220;][\/vc_column][vc_column width=&#8220;1\/3&#8243;][vc_single_image image=&#8220;14048&#8243; img_size=&#8220;full&#8220;][vc_custom_heading text=&#8220;Johann Strasser&#8220; font_container=&#8220;tag:p|text_align:center&#8220;][\/vc_column][vc_column width=&#8220;1\/3&#8243;][vc_single_image image=&#8220;14049&#8243; img_size=&#8220;full&#8220;][vc_custom_heading text=&#8220;Stefan Strasser&#8220; font_container=&#8220;tag:p|text_align:center&#8220;][\/vc_column][\/vc_row][vc_row css=&#8220;.vc_custom_1586789981090{margin-bottom: 50px !important;}&#8220;][vc_column][vc_column_text] Wie wir denken, wie wir handeln. Regionale Verankerung ist f\u00fcr die Strassers mehr als nur ein modisches Schlagwort. Wir nehmen die Verantwortung als DER [&hellip;]<\/p>\n","protected":false},"author":1,"featured_media":0,"parent":0,"menu_order":0,"comment_status":"closed","ping_status":"closed","template":"","meta":{"footnotes":""},"class_list":["post-14042","page","type-page","status-publish","hentry"],"_links":{"self":[{"href":"https:\/\/www.strasser-markt.at\/einkaufen\/wp-json\/wp\/v2\/pages\/14042","targetHints":{"allow":["GET"]}}],"collection":[{"href":"https:\/\/www.strasser-markt.at\/einkaufen\/wp-json\/wp\/v2\/pages"}],"about":[{"href":"https:\/\/www.strasser-markt.at\/einkaufen\/wp-json\/wp\/v2\/types\/page"}],"author":[{"embeddable":true,"href":"https:\/\/www.strasser-markt.at\/einkaufen\/wp-json\/wp\/v2\/users\/1"}],"replies":[{"embeddable":true,"href":"https:\/\/www.strasser-markt.at\/einkaufen\/wp-json\/wp\/v2\/comments?post=14042"}],"version-history":[{"count":0,"href":"https:\/\/www.strasser-markt.at\/einkaufen\/wp-json\/wp\/v2\/pages\/14042\/revisions"}],"wp:attachment":[{"href":"https:\/\/www.strasser-markt.at\/einkaufen\/wp-json\/wp\/v2\/media?parent=14042"}],"curies":[{"name":"wp","href":"https:\/\/api.w.org\/{rel}","templated":true}]}}

Über uns

<div class="wpb-content-wrapper" id="wpb-content-root"><p>[vc_row css=&#8220;.vc_custom_1586781623994{margin-top: 30px !important;}&#8220;][vc_column][vc_custom_heading text=&#8220;Firmenleitung&#8220; font_container=&#8220;tag:h1|text_align:center&#8220; use_theme_fonts=&#8220;yes&#8220;][/vc_column][/vc_row][vc_row css=&#8220;.vc_custom_1586789968977{margin-bottom: 50px !important;}&#8220;][vc_column width=&#8220;1/3&#8243;][vc_single_image image=&#8220;14043&#8243; img_size=&#8220;full&#8220;][vc_custom_heading text=&#8220;Herbert Strasser&#8220; font_container=&#8220;tag:p|text_align:center&#8220;][/vc_column][vc_column width=&#8220;1/3&#8243;][vc_single_image image=&#8220;14048&#8243; img_size=&#8220;full&#8220;][vc_custom_heading text=&#8220;Johann Strasser&#8220; font_container=&#8220;tag:p|text_align:center&#8220;][/vc_column][vc_column width=&#8220;1/3&#8243;][vc_single_image image=&#8220;14049&#8243; img_size=&#8220;full&#8220;][vc_custom_heading text=&#8220;Stefan Strasser&#8220; font_container=&#8220;tag:p|text_align:center&#8220;][/vc_column][/vc_row][vc_row css=&#8220;.vc_custom_1586789981090{margin-bottom: 50px !important;}&#8220;][vc_column][vc_column_text]</p>
<h1><strong>Wie wir denken, wie wir handeln. </strong></h1>
<p>Regionale Verankerung ist für die Strassers mehr als nur ein modisches Schlagwort. Wir nehmen die Verantwortung als DER Nahversorger für unsere Kunden sehr ernst. Unsere Kundschaft steht immer im Vordergrund. Bei uns kauft man entspannt in einem familiären Umfeld ein. Dazu gehört ein freundliches „Grüß Gott!“ genauso wie kompetente Beratung und ein umfangreiches, individuelles Serviceangebot: Altgeräteentsorgung, umfangreiche Garantieangebote für neue Geräte und vieles Mehr schaffen ein einzigartiges Rundum-Sorglos-Paket.[/vc_column_text][/vc_column][/vc_row][vc_row css=&#8220;.vc_custom_1586790116994{margin-bottom: 50px !important;}&#8220;][vc_column][vc_column_text css=&#8220;.vc_custom_1586790217485{margin-bottom: 30px !important;}&#8220;]</p>
<h1><strong>Firmengeschichte</strong></h1>
<p>[/vc_column_text][vc_column_text]</p>
<h1><strong>2013</strong></h1>
<div class="av-milestone-contentbox">
<div class="av-milestone-content">
<p>2013 wechselte Stefan Strasser hauptberuflich ins Unternehmen.</p>
</div>
</div>
<p>[/vc_column_text][vc_column_text]</p>
<h1><strong>2007</strong></h1>
<div class="av-milestone-contentbox">
<div class="av-milestone-content">
<p>Die beiden Brüder Johann und Herbert Strasser arbeiteten schon Jahrzehnte im Betrieb mit und übernahmen diesen nach dem Tod ihres Vaters 2007.</p>
</div>
</div>
<p>[/vc_column_text][vc_column_text]</p>
<h1><strong>1956 &#8211; 2007<br />
</strong></h1>
<div class="av-milestone-contentbox">
<div class="av-milestone-content">
<div class="av-milestone-contentbox">
<div class="av-milestone-content">
<p>1956 wurde das Sortiment vergrößert, Tankstelle, Mischmaschinen, Trafik, etc war für die Kunden am ersten Standort in Naarn erhältlich.</p>
<p>In mehreren Bauetappen hat FRANZ STRASSER das ursprüngliche kleine</p>
<p>Kaufhaus in der Bahnhofstraße um- und ausgebaut. War das Verkaufssortiment bei einer anfänglichen Verkaufsfläche von 90m² für heutige Begriffe eher bescheiden, so wuchs mit der Erweiterung der Verkaufsfläche auf 2000m² das Warenangebot im Laufe der Jahre imposant an.</p>
</div>
</div>
</div>
</div>
<p>[/vc_column_text][vc_column_text]</p>
<h1 style="text-align: left;"><strong>1952<br />
</strong></h1>
<div class="av-milestone-contentbox">
<div class="av-milestone-content">
<div class="av-milestone-contentbox">
<div class="av-milestone-content" style="text-align: left;">Im Jahre 1952 übernahm FRANZ STRASSER in Naarn die von seiner Mutter im Jahre 1927 gegründete Gemischtwarenhandlung.</div>
</div>
</div>
</div>
<p>[/vc_column_text][vc_separator color=&#8220;white&#8220;][/vc_column][/vc_row]</p>
</div>

<p>[vc_row css=&#8220;.vc_custom_1586781623994{margin-top: 30px !important;}&#8220;][vc_column][vc_custom_heading text=&#8220;Firmenleitung&#8220; font_container=&#8220;tag:h1|text_align:center&#8220; use_theme_fonts=&#8220;yes&#8220;][/vc_column][/vc_row][vc_row css=&#8220;.vc_custom_1586789968977{margin-bottom: 50px !important;}&#8220;][vc_column width=&#8220;1/3&#8243;][vc_single_image image=&#8220;14043&#8243; img_size=&#8220;full&#8220;][vc_custom_heading text=&#8220;Herbert Strasser&#8220; font_container=&#8220;tag:p|text_align:center&#8220;][/vc_column][vc_column width=&#8220;1/3&#8243;][vc_single_image image=&#8220;14048&#8243; img_size=&#8220;full&#8220;][vc_custom_heading text=&#8220;Johann Strasser&#8220; font_container=&#8220;tag:p|text_align:center&#8220;][/vc_column][vc_column width=&#8220;1/3&#8243;][vc_single_image image=&#8220;14049&#8243; img_size=&#8220;full&#8220;][vc_custom_heading text=&#8220;Stefan Strasser&#8220; font_container=&#8220;tag:p|text_align:center&#8220;][/vc_column][/vc_row][vc_row css=&#8220;.vc_custom_1586789981090{margin-bottom: 50px !important;}&#8220;][vc_column][vc_column_text] Wie wir denken, wie wir handeln. Regionale Verankerung ist für die Strassers mehr als nur ein modisches Schlagwort. Wir nehmen die Verantwortung als DER [&hellip;]</p>
