{"id":14776,"date":"2025-06-25T09:49:23","date_gmt":"2025-06-25T07:49:23","guid":{"rendered":"https:\/\/www.strasser-markt.at\/einkaufen\/?page_id=14776"},"modified":"2025-06-28T13:16:37","modified_gmt":"2025-06-28T11:16:37","slug":"barrierefreiheitserklaerung","status":"publish","type":"page","link":"https:\/\/www.strasser-markt.at\/einkaufen\/barrierefreiheitserklaerung\/","title":{"rendered":"Barrierefreiheitserkl\u00e4rung"},"content":{"rendered":"<div class=\"wpb-content-wrapper\"><p>[vc_row][vc_column][vc_column_text css=&#8220;&#8220;]<\/p>\n<h1>Barrierefreiheitserkl\u00e4rung<\/h1>\n<p>Diese Erkl\u00e4rung zur Barrierefreiheit gilt f\u00fcr die Website www.strasser-markt.at\/einkaufen<\/p>\n<h3>1. Stand der Vereinbarkeit mit den Anforderungen<\/h3>\n<p>Diese Website ist teilweise barrierefrei. Sie entspricht teilweise den Anforderungen der \u00d6NORM EN 301 549 bzw. den Web Content Accessibility Guidelines (WCAG) 2.1 \u2013 Konformit\u00e4tsstufe AA.<\/p>\n<h3>2. Methode der Pr\u00fcfung<\/h3>\n<p>Die \u00dcberpr\u00fcfung der Barrierefreiheit erfolgte im Juni 2025 durch:<\/p>\n<p>\u2013 eine Selbstbewertung mit dem Tool [WAVE]<\/p>\n<h3>3. Nicht barrierefreie Inhalte<\/h3>\n<p>Die nachfolgenden Inhalte und Funktionen sind derzeit nicht vollst\u00e4ndig barrierefrei:<\/p>\n<p>\u2013 eingebundene Drittinhalte (z.\u202fB. Karten, Videos, Social-Media-Elemente, etc.),<\/p>\n<p>\u2013 \u00c4ltere PDF-Dokumente vor dem 28.06.2025<\/p>\n<p>\u2013 Einzelne Bilder ohne Alternativtexte, Slider, etc.<\/p>\n<p>\u2013 Eingeschr\u00e4nkte Tastaturbedienung bei interaktiven Karten<\/p>\n<p>Diese Inhalte sind teilweise von der Verpflichtung zur Barrierefreiheit ausgenommen, da ihre Umsetzung eine unverh\u00e4ltnism\u00e4\u00dfige Belastung darstellen w\u00fcrde (\u00a7 15 BaFG).<\/p>\n<h3>4. Feedback und Kontaktangaben<\/h3>\n<p>Wir bem\u00fchen uns laufend, die Barrierefreiheit unserer Website zu verbessern. Sollten Ihnen Barrieren auffallen oder Inhalte unzug\u00e4nglich sein, kontaktieren Sie uns bitte:<\/p>\n<p>E-Mail: info@strasser-markt.at<\/p>\n<p>Telefon: 07262 52578<\/p>\n<p>Postadresse: Bahnhofstra\u00dfe 16, 4320 Perg<\/p>\n<h3>5. Durchsetzungsverfahren<\/h3>\n<p>Wenn Sie innerhalb von 2 Monaten keine zufriedenstellende Antwort auf Ihre Anfrage erhalten, k\u00f6nnen Sie sich an die Schlichtungsstelle nach dem Bundes-Behindertengleichstellungsgesetz wenden:<\/p>\n<p>Bundes-Behindertenanwaltschaft<\/p>\n<p>www.behindertenanwalt.gv.at<\/p>\n<p>E-Mail: office@behindertenanwalt.gv.at<\/p>\n<p>Telefon: +43 1 711 00-86 2222<\/p>\n<h3>6. Erstellung der Erkl\u00e4rung<\/h3>\n<p>Diese Erkl\u00e4rung wurde am 25.06.2025 erstellt und wird laufend nach M\u00f6glichkeit aktualisiert.[\/vc_column_text][\/vc_column][\/vc_row]<\/p>\n<\/div>","protected":false},"excerpt":{"rendered":"<p>[vc_row][vc_column][vc_column_text css=&#8220;&#8220;] Barrierefreiheitserkl\u00e4rung Diese Erkl\u00e4rung zur Barrierefreiheit gilt f\u00fcr die Website www.strasser-markt.at\/einkaufen 1. Stand der Vereinbarkeit mit den Anforderungen Diese Website ist teilweise barrierefrei. Sie entspricht teilweise den Anforderungen der \u00d6NORM EN 301 549 bzw. den Web Content Accessibility Guidelines (WCAG) 2.1 \u2013 Konformit\u00e4tsstufe AA. 2. Methode der Pr\u00fcfung Die \u00dcberpr\u00fcfung der Barrierefreiheit erfolgte im [&hellip;]<\/p>\n","protected":false},"author":1,"featured_media":0,"parent":0,"menu_order":0,"comment_status":"closed","ping_status":"closed","template":"","meta":{"footnotes":""},"class_list":["post-14776","page","type-page","status-publish","hentry"],"_links":{"self":[{"href":"https:\/\/www.strasser-markt.at\/einkaufen\/wp-json\/wp\/v2\/pages\/14776","targetHints":{"allow":["GET"]}}],"collection":[{"href":"https:\/\/www.strasser-markt.at\/einkaufen\/wp-json\/wp\/v2\/pages"}],"about":[{"href":"https:\/\/www.strasser-markt.at\/einkaufen\/wp-json\/wp\/v2\/types\/page"}],"author":[{"embeddable":true,"href":"https:\/\/www.strasser-markt.at\/einkaufen\/wp-json\/wp\/v2\/users\/1"}],"replies":[{"embeddable":true,"href":"https:\/\/www.strasser-markt.at\/einkaufen\/wp-json\/wp\/v2\/comments?post=14776"}],"version-history":[{"count":4,"href":"https:\/\/www.strasser-markt.at\/einkaufen\/wp-json\/wp\/v2\/pages\/14776\/revisions"}],"predecessor-version":[{"id":14781,"href":"https:\/\/www.strasser-markt.at\/einkaufen\/wp-json\/wp\/v2\/pages\/14776\/revisions\/14781"}],"wp:attachment":[{"href":"https:\/\/www.strasser-markt.at\/einkaufen\/wp-json\/wp\/v2\/media?parent=14776"}],"curies":[{"name":"wp","href":"https:\/\/api.w.org\/{rel}","templated":true}]}}

Barrierefreiheitserklärung

<div class="wpb-content-wrapper"><p>[vc_row][vc_column][vc_column_text css=&#8220;&#8220;]</p>
<h1>Barrierefreiheitserklärung</h1>
<p>Diese Erklärung zur Barrierefreiheit gilt für die Website www.strasser-markt.at/einkaufen</p>
<h3>1. Stand der Vereinbarkeit mit den Anforderungen</h3>
<p>Diese Website ist teilweise barrierefrei. Sie entspricht teilweise den Anforderungen der ÖNORM EN 301 549 bzw. den Web Content Accessibility Guidelines (WCAG) 2.1 – Konformitätsstufe AA.</p>
<h3>2. Methode der Prüfung</h3>
<p>Die Überprüfung der Barrierefreiheit erfolgte im Juni 2025 durch:</p>
<p>– eine Selbstbewertung mit dem Tool [WAVE]</p>
<h3>3. Nicht barrierefreie Inhalte</h3>
<p>Die nachfolgenden Inhalte und Funktionen sind derzeit nicht vollständig barrierefrei:</p>
<p>– eingebundene Drittinhalte (z. B. Karten, Videos, Social-Media-Elemente, etc.),</p>
<p>– Ältere PDF-Dokumente vor dem 28.06.2025</p>
<p>– Einzelne Bilder ohne Alternativtexte, Slider, etc.</p>
<p>– Eingeschränkte Tastaturbedienung bei interaktiven Karten</p>
<p>Diese Inhalte sind teilweise von der Verpflichtung zur Barrierefreiheit ausgenommen, da ihre Umsetzung eine unverhältnismäßige Belastung darstellen würde (§ 15 BaFG).</p>
<h3>4. Feedback und Kontaktangaben</h3>
<p>Wir bemühen uns laufend, die Barrierefreiheit unserer Website zu verbessern. Sollten Ihnen Barrieren auffallen oder Inhalte unzugänglich sein, kontaktieren Sie uns bitte:</p>
<p>E-Mail: info@strasser-markt.at</p>
<p>Telefon: 07262 52578</p>
<p>Postadresse: Bahnhofstraße 16, 4320 Perg</p>
<h3>5. Durchsetzungsverfahren</h3>
<p>Wenn Sie innerhalb von 2 Monaten keine zufriedenstellende Antwort auf Ihre Anfrage erhalten, können Sie sich an die Schlichtungsstelle nach dem Bundes-Behindertengleichstellungsgesetz wenden:</p>
<p>Bundes-Behindertenanwaltschaft</p>
<p>www.behindertenanwalt.gv.at</p>
<p>E-Mail: office@behindertenanwalt.gv.at</p>
<p>Telefon: +43 1 711 00-86 2222</p>
<h3>6. Erstellung der Erklärung</h3>
<p>Diese Erklärung wurde am 25.06.2025 erstellt und wird laufend nach Möglichkeit aktualisiert.[/vc_column_text][/vc_column][/vc_row]</p>
</div>

<p>[vc_row][vc_column][vc_column_text css=&#8220;&#8220;] Barrierefreiheitserklärung Diese Erklärung zur Barrierefreiheit gilt für die Website www.strasser-markt.at/einkaufen 1. Stand der Vereinbarkeit mit den Anforderungen Diese Website ist teilweise barrierefrei. Sie entspricht teilweise den Anforderungen der ÖNORM EN 301 549 bzw. den Web Content Accessibility Guidelines (WCAG) 2.1 – Konformitätsstufe AA. 2. Methode der Prüfung Die Überprüfung der Barrierefreiheit erfolgte im [&hellip;]</p>
