{"id":14127,"date":"2020-04-14T14:10:18","date_gmt":"2020-04-14T12:10:18","guid":{"rendered":"https:\/\/www.strasser-markt.at\/einkaufen\/?post_type=product&#038;p=14127"},"modified":"2025-04-29T23:24:02","modified_gmt":"2025-04-29T21:24:02","slug":"nivona-520-kaffeevollautomat","status":"publish","type":"product","link":"https:\/\/www.strasser-markt.at\/einkaufen\/produkt\/nivona-520-kaffeevollautomat\/","title":{"rendered":"Nivona 520 Kaffeevollautomat"},"content":{"rendered":"<div id=\"i1kachel_2\">\n<div id=\"c3582\">\n<div class=\"ce-textpic ce-right ce-intext\">\n<div class=\"ce-bodytext\">\n<p>Einfach sch\u00f6n, schlicht und dabei so vielseitig: In mattem Schwarz erf\u00fcllt diese Maschine Kaffeeliebhabern zuverl\u00e4ssig alle W\u00fcnsche von k\u00f6stlichen Kaffeevarianten bis Milchschaumkreationen &#8211; unschlagbar! Unser dunkles Einsteigermodell wird Ihnen lange Freude machen.<\/p>\n<ul>\n<li>Digitales Symbol-Dialog-Display<\/li>\n<li>Manueller Profi-Spumatore<\/li>\n<li>Einfache Bedienung<\/li>\n<li>Aromatica System mit 15 bar Pumpendruck<\/li>\n<li>Bohnenbeh\u00e4lter (ca. 250 g)<\/li>\n<li>Extra gro\u00dfer, entnehmbarer Wassertank (2,2 Liter)<\/li>\n<li>Elegantes Design in mattem Schwarz mit Chromelementen<\/li>\n<li>Leises Kegelmahlwerk aus geh\u00e4rtetem Stahl<\/li>\n<li>Herausnehmbare Br\u00fcheinheit f\u00fcr hygienische Reinigung<\/li>\n<li>Kaffeetemperatur w\u00e4hlbar in 3 Stufen<\/li>\n<li>Kaffeest\u00e4rke 3-stufig einstellbar<\/li>\n<li>ECO-Modus Stromsparfunktion<\/li>\n<li>0-Watt-Ausschalter<\/li>\n<li>Hygiene-Pflegeprogramme: Reinigen, Entkalken und Sp\u00fclen auf<br \/>\nKnopfdruck<\/li>\n<li>Kaffeeauslauf bis zu 14 cm h\u00f6henverstellbar<\/li>\n<li>Automatische F\u00fcllstands\u00fcberwachung f\u00fcr Wasser<\/li>\n<li>Mahlgrad 3-stufig einstellbar<\/li>\n<li>Tassenabstellfl\u00e4che<\/li>\n<li>Pulverfach f\u00fcr eine Portion Pulverkaffee<\/li>\n<li>Aromaschutzdeckel<\/li>\n<li>Inklusive Reinigungstabletten, Milchschlauch und Portionierl\u00f6ffel<\/li>\n<\/ul>\n<\/div>\n<\/div>\n<\/div>\n<\/div>\n","protected":false},"excerpt":{"rendered":"<p>Kaffee Vollautomat<\/p>\n<p>Gro\u00dfer Wasser- und Bohnenbeh\u00e4lter<\/p>\n<p>Bohnen und gemahlener Kaffee parallel m\u00f6glich (Pulverfach)<\/p>\n<p>Entnehmbare Br\u00fchgruppe<\/p>\n<p>&nbsp;<\/p>\n","protected":false},"featured_media":14128,"template":"","meta":[],"product_brand":[],"product_cat":[143,218],"product_tag":[227,222],"class_list":{"0":"post-14127","1":"product","2":"type-product","3":"status-publish","4":"has-post-thumbnail","6":"product_cat-elektro","7":"product_cat-kaffeemaschinen","8":"product_tag-kaffee","9":"product_tag-vollautomat","11":"first","12":"instock","13":"shipping-taxable","14":"purchasable","15":"product-type-simple","16":"add-to-wishlist-after_add_to_cart"},"_links":{"self":[{"href":"https:\/\/www.strasser-markt.at\/einkaufen\/wp-json\/wp\/v2\/product\/14127","targetHints":{"allow":["GET"]}}],"collection":[{"href":"https:\/\/www.strasser-markt.at\/einkaufen\/wp-json\/wp\/v2\/product"}],"about":[{"href":"https:\/\/www.strasser-markt.at\/einkaufen\/wp-json\/wp\/v2\/types\/product"}],"wp:featuredmedia":[{"embeddable":true,"href":"https:\/\/www.strasser-markt.at\/einkaufen\/wp-json\/wp\/v2\/media\/14128"}],"wp:attachment":[{"href":"https:\/\/www.strasser-markt.at\/einkaufen\/wp-json\/wp\/v2\/media?parent=14127"}],"wp:term":[{"taxonomy":"product_brand","embeddable":true,"href":"https:\/\/www.strasser-markt.at\/einkaufen\/wp-json\/wp\/v2\/product_brand?post=14127"},{"taxonomy":"product_cat","embeddable":true,"href":"https:\/\/www.strasser-markt.at\/einkaufen\/wp-json\/wp\/v2\/product_cat?post=14127"},{"taxonomy":"product_tag","embeddable":true,"href":"https:\/\/www.strasser-markt.at\/einkaufen\/wp-json\/wp\/v2\/product_tag?post=14127"}],"curies":[{"name":"wp","href":"https:\/\/api.w.org\/{rel}","templated":true}]}}