{"id":14156,"date":"2020-04-14T17:32:43","date_gmt":"2020-04-14T15:32:43","guid":{"rendered":"https:\/\/www.strasser-markt.at\/einkaufen\/?post_type=product&#038;p=14156"},"modified":"2025-06-20T14:32:30","modified_gmt":"2025-06-20T12:32:30","slug":"isoled-led-linearleuchte-42w-ip65-neutralweiss","status":"publish","type":"product","link":"https:\/\/www.strasser-markt.at\/einkaufen\/produkt\/isoled-led-linearleuchte-42w-ip65-neutralweiss\/","title":{"rendered":"Isoled LED Linearleuchte 42W, IP65, neutralwei\u00df"},"content":{"rendered":"<table>\n<tbody>\n<tr>\n<td colspan=\"2\"><b>Produktspezifikation: <\/b><\/td>\n<\/tr>\n<tr>\n<td colspan=\"2\"><\/td>\n<\/tr>\n<tr>\n<td>Material:<\/td>\n<td>PVC<\/td>\n<\/tr>\n<tr>\n<td>L\u00e4nge in mm:<\/td>\n<td>1596<\/td>\n<\/tr>\n<tr>\n<td>Breite in mm:<\/td>\n<td>61<\/td>\n<\/tr>\n<tr>\n<td>H\u00f6he in mm:<\/td>\n<td>56<\/td>\n<\/tr>\n<tr>\n<td>Nennspannung\/Strom:<\/td>\n<td>230V AC<\/td>\n<\/tr>\n<tr>\n<td>Bemessungsleistung in Watt:<\/td>\n<td>42<\/td>\n<\/tr>\n<tr>\n<td>Wirkleistung in Watt:<\/td>\n<td>42<\/td>\n<\/tr>\n<tr>\n<td>Farbtemperatur:<\/td>\n<td>4000K<\/td>\n<\/tr>\n<tr>\n<td>Winkel:<\/td>\n<td>180\u00b0<\/td>\n<\/tr>\n<tr>\n<td>Lumen:<\/td>\n<td>4200<\/td>\n<\/tr>\n<tr>\n<td>Candela:<\/td>\n<td>668<\/td>\n<\/tr>\n<tr>\n<td>Farbwiedergabe:<\/td>\n<td>&gt;85<\/td>\n<\/tr>\n<tr>\n<td>Umgebungstemperatur:<\/td>\n<td>-30\u00b0 &#8211; 50\u00b0<\/td>\n<\/tr>\n<tr>\n<td>Betriebsstunden lt. Hersteller:<\/td>\n<td>30000<\/td>\n<\/tr>\n<tr>\n<td>Schutzart:<\/td>\n<td>IP65<\/td>\n<\/tr>\n<tr>\n<td>Dimmbar:<\/td>\n<td>Nein<\/td>\n<\/tr>\n<tr>\n<td>Besonderheiten:<\/td>\n<td>beliebig erweiterbar\/anreihbar bis 1000W Gesamtanschlussleistung, Lieferung inkl. Zubeh\u00f6r f\u00fcr Decken-\/Wandmontage, Montageclip beiliegend, justierbare Schwenkb\u00fcgel und Seilabh\u00e4ngungsset optional erh\u00e4ltlich, Klasse II Leuchte (kein Anschluss an PE erforderlich) Stossfestigkeit: IK08<\/td>\n<\/tr>\n<tr>\n<td>Innen- und Au\u00dfenbereich:<\/td>\n<td>Ja<\/td>\n<\/tr>\n<tr>\n<td>Inkl. Leuchtmittel:<\/td>\n<td>Ja<\/td>\n<\/tr>\n<\/tbody>\n<\/table>\n<p>Artikelnummer <span class=\"text medium normal darkgray\">113092<\/span><\/p>\n<p>Ideal f\u00fcr Werkstatt, Keller, Carport, Garage&#8230;<\/p>\n","protected":false},"excerpt":{"rendered":"<p>Produktspezifikation: Material: PVC L\u00e4nge in mm: 1596 Breite in mm: 61 H\u00f6he in mm: 56 Nennspannung\/Strom: 230V AC Bemessungsleistung in Watt: 42 Wirkleistung in Watt: 42 Farbtemperatur: 4000K Winkel: 180\u00b0 Lumen: 4200 Candela: 668 Farbwiedergabe: &gt;85 Umgebungstemperatur: -30\u00b0 &#8211; 50\u00b0 Betriebsstunden lt. Hersteller: 30000 Schutzart: IP65 Dimmbar: Nein Besonderheiten: beliebig erweiterbar\/anreihbar bis 1000W Gesamtanschlussleistung, Lieferung [&hellip;]<\/p>\n","protected":false},"featured_media":14157,"template":"","meta":[],"product_brand":[],"product_cat":[148],"product_tag":[242,159,164,243],"class_list":{"0":"post-14156","1":"product","2":"type-product","3":"status-publish","4":"has-post-thumbnail","6":"product_cat-licht","7":"product_tag-beleuchtung","8":"product_tag-energiesparen","9":"product_tag-led","10":"product_tag-licht","12":"first","13":"outofstock","14":"sale","15":"shipping-taxable","16":"purchasable","17":"product-type-simple","18":"add-to-wishlist-after_add_to_cart"},"_links":{"self":[{"href":"https:\/\/www.strasser-markt.at\/einkaufen\/wp-json\/wp\/v2\/product\/14156","targetHints":{"allow":["GET"]}}],"collection":[{"href":"https:\/\/www.strasser-markt.at\/einkaufen\/wp-json\/wp\/v2\/product"}],"about":[{"href":"https:\/\/www.strasser-markt.at\/einkaufen\/wp-json\/wp\/v2\/types\/product"}],"wp:featuredmedia":[{"embeddable":true,"href":"https:\/\/www.strasser-markt.at\/einkaufen\/wp-json\/wp\/v2\/media\/14157"}],"wp:attachment":[{"href":"https:\/\/www.strasser-markt.at\/einkaufen\/wp-json\/wp\/v2\/media?parent=14156"}],"wp:term":[{"taxonomy":"product_brand","embeddable":true,"href":"https:\/\/www.strasser-markt.at\/einkaufen\/wp-json\/wp\/v2\/product_brand?post=14156"},{"taxonomy":"product_cat","embeddable":true,"href":"https:\/\/www.strasser-markt.at\/einkaufen\/wp-json\/wp\/v2\/product_cat?post=14156"},{"taxonomy":"product_tag","embeddable":true,"href":"https:\/\/www.strasser-markt.at\/einkaufen\/wp-json\/wp\/v2\/product_tag?post=14156"}],"curies":[{"name":"wp","href":"https:\/\/api.w.org\/{rel}","templated":true}]}}