{"id":14208,"date":"2020-04-15T11:05:59","date_gmt":"2020-04-15T09:05:59","guid":{"rendered":"https:\/\/www.strasser-markt.at\/einkaufen\/?post_type=product&#038;p=14208"},"modified":"2024-02-15T09:26:24","modified_gmt":"2024-02-15T08:26:24","slug":"isoled-led-sil830-flexband-24v-144w-ip20-warmweiss","status":"publish","type":"product","link":"https:\/\/www.strasser-markt.at\/einkaufen\/produkt\/isoled-led-sil830-flexband-24v-144w-ip20-warmweiss\/","title":{"rendered":"Isoled LED SIL830-Flexband, 24V, 14,4W, IP20, warmwei\u00df"},"content":{"rendered":"<table>\n<tbody>\n<tr>\n<td colspan=\"2\"><b>LED SIL830-Flexband, 24V, 14,4W, IP20, warmweiss<\/b><\/td>\n<\/tr>\n<tr>\n<td>Artikelnummer:<\/td>\n<td>112247<\/td>\n<\/tr>\n<tr>\n<td>EAN:<\/td>\n<td>9009377026591<\/td>\n<\/tr>\n<tr>\n<td colspan=\"2\">\n<b>Produktspezifikation: <\/b><\/td>\n<\/tr>\n<tr>\n<td colspan=\"2\"><\/td>\n<\/tr>\n<tr>\n<td>LED Typ:<\/td>\n<td>300xSMD5050<\/td>\n<\/tr>\n<tr>\n<td>Material:<\/td>\n<td>Platine\/weiss<\/td>\n<\/tr>\n<tr>\n<td>L\u00e4nge in mm:<\/td>\n<td>5000<\/td>\n<\/tr>\n<tr>\n<td>Breite in mm:<\/td>\n<td>10<\/td>\n<\/tr>\n<tr>\n<td>H\u00f6he in mm:<\/td>\n<td>2<\/td>\n<\/tr>\n<tr>\n<td>Nennspannung\/Strom:<\/td>\n<td>24V DC<\/td>\n<\/tr>\n<tr>\n<td>Bemessungsleistung in Watt:<\/td>\n<td>14,4 W\/m<\/td>\n<\/tr>\n<tr>\n<td>Wirkleistung in Watt:<\/td>\n<td>13,0 W\/m<\/td>\n<\/tr>\n<tr>\n<td>Farbtemperatur:<\/td>\n<td>3000K<\/td>\n<\/tr>\n<tr>\n<td>Winkel:<\/td>\n<td>120\u00b0<\/td>\n<\/tr>\n<tr>\n<td>Lumen:<\/td>\n<td>1.100 lm\/m<\/td>\n<\/tr>\n<tr>\n<td>Candela:<\/td>\n<td>1744<\/td>\n<\/tr>\n<tr>\n<td>Farbwiedergabe:<\/td>\n<td>&gt;82<\/td>\n<\/tr>\n<tr>\n<td>Umgebungstemperatur:<\/td>\n<td>-20\u00b0 &#8211; 40\u00b0<\/td>\n<\/tr>\n<tr>\n<td>Betriebsstunden lt. Hersteller:<\/td>\n<td>25000<\/td>\n<\/tr>\n<tr>\n<td>Schutzart:<\/td>\n<td>IP20<\/td>\n<\/tr>\n<tr>\n<td>Dimmbar:<\/td>\n<td>Ja<\/td>\n<\/tr>\n<tr>\n<td>Dimmspezifikation:<\/td>\n<td>dimmbar per Spannungssenke bzw. Pulsweiten- oder Pulsfrequenz modulierter Gleichspannungsversorgung von einem geeigneten Controller\/Sequenzer, Dimmaktor oder Transformator<\/td>\n<\/tr>\n<tr>\n<td>Besonderheiten:<\/td>\n<td>Trennstelle: 100mm | Pitch (Chip Mitte-Mitte): 16,66mm | 1 Rolle= 5m | L\u00e4ngentoleranz 1% | max. Flexbandl\u00e4nge pro Einspeisung: 5m | Untergrund vor dem Ankleben reinigen und entfetten! Nicht wieder abl\u00f6sen! | K\u00fchlprofil erforderlich!<\/td>\n<\/tr>\n<tr>\n<td>Innenbereich:<\/td>\n<td>Ja<\/td>\n<\/tr>\n<\/tbody>\n<\/table>\n<p>&nbsp;<\/p>\n","protected":false},"excerpt":{"rendered":"<p>LED SIL830-Flexband, 24V, 14,4W, IP20, warmweiss Artikelnummer: 112247 EAN: 9009377026591 Produktspezifikation: LED Typ: 300xSMD5050 Material: Platine\/weiss L\u00e4nge in mm: 5000 Breite in mm: 10 H\u00f6he in mm: 2 Nennspannung\/Strom: 24V DC Bemessungsleistung in Watt: 14,4 W\/m Wirkleistung in Watt: 13,0 W\/m Farbtemperatur: 3000K Winkel: 120\u00b0 Lumen: 1.100 lm\/m Candela: 1744 Farbwiedergabe: &gt;82 Umgebungstemperatur: -20\u00b0 &#8211; [&hellip;]<\/p>\n","protected":false},"featured_media":14209,"template":"","meta":[],"product_brand":[],"product_cat":[148],"product_tag":[242,159,164,243],"class_list":{"0":"post-14208","1":"product","2":"type-product","3":"status-publish","4":"has-post-thumbnail","6":"product_cat-licht","7":"product_tag-beleuchtung","8":"product_tag-energiesparen","9":"product_tag-led","10":"product_tag-licht","12":"first","13":"instock","14":"sale","15":"shipping-taxable","16":"purchasable","17":"product-type-simple","18":"add-to-wishlist-after_add_to_cart"},"_links":{"self":[{"href":"https:\/\/www.strasser-markt.at\/einkaufen\/wp-json\/wp\/v2\/product\/14208","targetHints":{"allow":["GET"]}}],"collection":[{"href":"https:\/\/www.strasser-markt.at\/einkaufen\/wp-json\/wp\/v2\/product"}],"about":[{"href":"https:\/\/www.strasser-markt.at\/einkaufen\/wp-json\/wp\/v2\/types\/product"}],"wp:featuredmedia":[{"embeddable":true,"href":"https:\/\/www.strasser-markt.at\/einkaufen\/wp-json\/wp\/v2\/media\/14209"}],"wp:attachment":[{"href":"https:\/\/www.strasser-markt.at\/einkaufen\/wp-json\/wp\/v2\/media?parent=14208"}],"wp:term":[{"taxonomy":"product_brand","embeddable":true,"href":"https:\/\/www.strasser-markt.at\/einkaufen\/wp-json\/wp\/v2\/product_brand?post=14208"},{"taxonomy":"product_cat","embeddable":true,"href":"https:\/\/www.strasser-markt.at\/einkaufen\/wp-json\/wp\/v2\/product_cat?post=14208"},{"taxonomy":"product_tag","embeddable":true,"href":"https:\/\/www.strasser-markt.at\/einkaufen\/wp-json\/wp\/v2\/product_tag?post=14208"}],"curies":[{"name":"wp","href":"https:\/\/api.w.org\/{rel}","templated":true}]}}