{"id":14313,"date":"2021-05-05T16:36:31","date_gmt":"2021-05-05T14:36:31","guid":{"rendered":"https:\/\/www.strasser-markt.at\/einkaufen\/?post_type=product&#038;p=14313"},"modified":"2025-04-29T23:24:02","modified_gmt":"2025-04-29T21:24:02","slug":"soda-stream-wassersprudler-duo","status":"publish","type":"product","link":"https:\/\/www.strasser-markt.at\/einkaufen\/produkt\/soda-stream-wassersprudler-duo\/","title":{"rendered":"Soda Stream Wassersprudler Duo"},"content":{"rendered":"<ul>\n<li>Geeignet f\u00fcr Glas- und Kunststoffflaschen geeignet<\/li>\n<li>1x Kunststoffflasche, 1x Glasflasche und 1x Quick Connect Zylinder f\u00fcr max. 60L<\/li>\n<li>Sp\u00fclmaschinengeeignete Glas- und Kunststoffflasche<\/li>\n<\/ul>\n","protected":false},"excerpt":{"rendered":"<p>Geeignet f\u00fcr Glas- und Kunststoffflaschen geeignet 1x Kunststoffflasche, 1x Glasflasche und 1x Quick Connect Zylinder f\u00fcr max. 60L Sp\u00fclmaschinengeeignete Glas- und Kunststoffflasche<\/p>\n","protected":false},"featured_media":14314,"template":"","meta":[],"product_brand":[],"product_cat":[250],"product_tag":[],"class_list":{"0":"post-14313","1":"product","2":"type-product","3":"status-publish","4":"has-post-thumbnail","6":"product_cat-elektro-kleingeraete","8":"first","9":"instock","10":"sale","11":"shipping-taxable","12":"purchasable","13":"product-type-simple","14":"add-to-wishlist-after_add_to_cart"},"_links":{"self":[{"href":"https:\/\/www.strasser-markt.at\/einkaufen\/wp-json\/wp\/v2\/product\/14313","targetHints":{"allow":["GET"]}}],"collection":[{"href":"https:\/\/www.strasser-markt.at\/einkaufen\/wp-json\/wp\/v2\/product"}],"about":[{"href":"https:\/\/www.strasser-markt.at\/einkaufen\/wp-json\/wp\/v2\/types\/product"}],"wp:featuredmedia":[{"embeddable":true,"href":"https:\/\/www.strasser-markt.at\/einkaufen\/wp-json\/wp\/v2\/media\/14314"}],"wp:attachment":[{"href":"https:\/\/www.strasser-markt.at\/einkaufen\/wp-json\/wp\/v2\/media?parent=14313"}],"wp:term":[{"taxonomy":"product_brand","embeddable":true,"href":"https:\/\/www.strasser-markt.at\/einkaufen\/wp-json\/wp\/v2\/product_brand?post=14313"},{"taxonomy":"product_cat","embeddable":true,"href":"https:\/\/www.strasser-markt.at\/einkaufen\/wp-json\/wp\/v2\/product_cat?post=14313"},{"taxonomy":"product_tag","embeddable":true,"href":"https:\/\/www.strasser-markt.at\/einkaufen\/wp-json\/wp\/v2\/product_tag?post=14313"}],"curies":[{"name":"wp","href":"https:\/\/api.w.org\/{rel}","templated":true}]}}