{"id":14471,"date":"2023-02-08T14:00:26","date_gmt":"2023-02-08T13:00:26","guid":{"rendered":"https:\/\/www.strasser-markt.at\/einkaufen\/?post_type=product&#038;p=14471"},"modified":"2025-05-02T10:53:21","modified_gmt":"2025-05-02T08:53:21","slug":"aeg-waermepumpentrockner-tr8t70689","status":"publish","type":"product","link":"https:\/\/www.strasser-markt.at\/einkaufen\/produkt\/aeg-waermepumpentrockner-tr8t70689\/","title":{"rendered":"AEG W\u00e4rmepumpentrockner TR8T70689"},"content":{"rendered":"<ul>\n<li>5 Jahre Garantie<\/li>\n<li>\u00d6KO LAVATHERM W\u00e4schetrockner mit W\u00e4rmepumpentechnologie<\/li>\n<li>AbsoluteCare\u00ae System mit Woolmark Blue Zertifikat<\/li>\n<li>SensiDry\u00ae &#8211; schonend und energiesparend<\/li>\n<li>ProSense\u00ae-Mengenautomatik, spart Zeit und Energie<\/li>\n<li>Inverter Motor &#8211; Extrem leiser Betrieb und l\u00e4ngere Lebensdauer (10 Jahre Motor-Garantie bei Registrierung)<\/li>\n<li>F\u00fcllmenge Trocknen (kg): 8,0<\/li>\n<li>ProTex Schontrommel<\/li>\n<li>Programme: Bettw\u00e4sche XL, Baumwolle ECO, Baumwolle, Feinw\u00e4sche, Daunen, Hygiene, MixDry, Outdoor, Seide, Sportw\u00e4sche, Pflegeleicht, Wolle<\/li>\n<li><strong>Reversierautomatik:<\/strong> Die Drehrichtung der Trommel wird immer wieder ge\u00e4ndert f\u00fcr eine gleichm\u00e4\u00dfige und schonende Trocknung<\/li>\n<li>Auffrisch-Funktion<\/li>\n<li>Restzeitanzeige<\/li>\n<li>Fertig in \u2013 Zeitvorwahl<\/li>\n<li>Programmablauf-Anzeige<\/li>\n<li>Anzeigen f\u00fcr Sieb, Beh\u00e4lter, W\u00e4rmetauscher<\/li>\n<li>LED-Trommelbeleuchtung<\/li>\n<\/ul>\n","protected":false},"excerpt":{"rendered":"<p>5 Jahre Garantie \u00d6KO LAVATHERM W\u00e4schetrockner mit W\u00e4rmepumpentechnologie AbsoluteCare\u00ae System mit Woolmark Blue Zertifikat SensiDry\u00ae &#8211; schonend und energiesparend ProSense\u00ae-Mengenautomatik, spart Zeit und Energie Inverter Motor &#8211; Extrem leiser Betrieb und l\u00e4ngere Lebensdauer (10 Jahre Motor-Garantie bei Registrierung) F\u00fcllmenge Trocknen (kg): 8,0 ProTex Schontrommel Programme: Bettw\u00e4sche XL, Baumwolle ECO, Baumwolle, Feinw\u00e4sche, Daunen, Hygiene, MixDry, Outdoor, [&hellip;]<\/p>\n","protected":false},"featured_media":14472,"template":"","meta":[],"product_brand":[],"product_cat":[143,217],"product_tag":[],"class_list":{"0":"post-14471","1":"product","2":"type-product","3":"status-publish","4":"has-post-thumbnail","6":"product_cat-elektro","7":"product_cat-waschen-trocknen","9":"first","10":"instock","11":"sale","12":"shipping-taxable","13":"purchasable","14":"product-type-simple","15":"add-to-wishlist-after_add_to_cart"},"_links":{"self":[{"href":"https:\/\/www.strasser-markt.at\/einkaufen\/wp-json\/wp\/v2\/product\/14471","targetHints":{"allow":["GET"]}}],"collection":[{"href":"https:\/\/www.strasser-markt.at\/einkaufen\/wp-json\/wp\/v2\/product"}],"about":[{"href":"https:\/\/www.strasser-markt.at\/einkaufen\/wp-json\/wp\/v2\/types\/product"}],"wp:featuredmedia":[{"embeddable":true,"href":"https:\/\/www.strasser-markt.at\/einkaufen\/wp-json\/wp\/v2\/media\/14472"}],"wp:attachment":[{"href":"https:\/\/www.strasser-markt.at\/einkaufen\/wp-json\/wp\/v2\/media?parent=14471"}],"wp:term":[{"taxonomy":"product_brand","embeddable":true,"href":"https:\/\/www.strasser-markt.at\/einkaufen\/wp-json\/wp\/v2\/product_brand?post=14471"},{"taxonomy":"product_cat","embeddable":true,"href":"https:\/\/www.strasser-markt.at\/einkaufen\/wp-json\/wp\/v2\/product_cat?post=14471"},{"taxonomy":"product_tag","embeddable":true,"href":"https:\/\/www.strasser-markt.at\/einkaufen\/wp-json\/wp\/v2\/product_tag?post=14471"}],"curies":[{"name":"wp","href":"https:\/\/api.w.org\/{rel}","templated":true}]}}