{"id":14550,"date":"2023-07-04T16:20:23","date_gmt":"2023-07-04T14:20:23","guid":{"rendered":"https:\/\/www.strasser-markt.at\/einkaufen\/?post_type=product&#038;p=14550"},"modified":"2025-04-29T23:24:02","modified_gmt":"2025-04-29T21:24:02","slug":"scangrip-area-6-connect-inkl-gratis-connector","status":"publish","type":"product","link":"https:\/\/www.strasser-markt.at\/einkaufen\/produkt\/scangrip-area-6-connect-inkl-gratis-connector\/","title":{"rendered":"Scangrip Area 6 CONNECT inkl. gratis Connector"},"content":{"rendered":"<h2>360\u00b0-ARBEITSLEUCHTE MIT 6000 LUMEN F\u00dcR 18\/20-V-AKKUPACKS<\/h2>\n<p>AREA 6 CONNECT bietet ein diffuses und einheitliches Arbeitslicht von bis zu 6000 Lumen und ist ideal f\u00fcr den Fachmann, der effiziente Ausleuchtung des Arbeitsplatzes f\u00fcr Reparaturen, Malerarbeiten oder Bauarbeiten aller Art ben\u00f6tigt.<\/p>\n<p>Mit den zwei Lichtstufen (50-100 %) kann man je nach Arbeitsaufgabe den Lichtstrom einstellen.<\/p>\n<p>AREA 6 CONNECT ist eine Akku-betriebene Arbeitsleuchte, die mit dem METABO \/ CAS Akkusystem 18 V, und allen anderen 18\/20-V-Akkupacks f\u00fchrender Elektrowerkzeugmarken durch Verwendung des Steckverbinders SCANGRIP CONNECTOR kompatibel ist. Dar\u00fcber hinaus kann die Stromversorgung SCANGRIP POWER SUPPLY f\u00fcr unbegrenzte Lichtverf\u00fcgbarkeit auch direkt angeschlossen werden.<\/p>\n<h2>Arbeitsleuchte mit hoher Flexibilit\u00e4t<\/h2>\n<p>Mit der kompakten Formgebung und dem geringen Gewicht ist AREA 6 CONNECT bequem zu tragen und benutzen. Sie wird auch mit einem Haken f\u00fcr flexible Platzierungsm\u00f6glichkeiten geliefert und ist sehr einfach auf das SCANGRIP-TRIPOD zu montieren<strong>.<\/strong><\/p>\n<h2><strong>JUST CONNECT MIT SCANGRIP SMART CONNECTOR F\u00dcR ALLE 18\/20-V-AKKUPACKS\u00a0<\/strong><\/h2>\n<p>SMART CONNECTOR f\u00fcr die Verwendung von 18\/20-V-Akkupacks an SCANGRIP CONNECT-Arbeitsleuchten.<\/p>\n<p>Unabh\u00e4ngig davon, welche Elektrowerkzeugmarke\u00a0Sie bevorzugen, hat SCANGRIP f\u00fcr jede einzelne Marke einen ma\u00dfgeschneiderten CONNECTOR entwickelt, der zu 18\/20-V-Akkupacks passt. Montieren Sie einfach den CONNECTOR an die Arbeitsleuchte, schlie\u00dfen Sie Ihren Akku an und schon sind Sie einsatzbereit.<\/p>\n","protected":false},"excerpt":{"rendered":"<ul>\n<li>\n<div class=\"u-bold\">Lichtstrom max. (Lumen) 6000<\/div>\n<\/li>\n<li>\n<div class=\"u-bold\">Lichtstrom min. (Lumen) 3000<\/div>\n<\/li>\n<li>\n<div class=\"u-bold\">Abstrahlwinkel 360\u00b0<\/div>\n<\/li>\n<li>\n<div class=\"u-bold\">Betriebstemperatur -10 \u00b0C to +40 \u00b0C<\/div>\n<\/li>\n<li>Solange der Vorrat reicht!!<\/li>\n<\/ul>\n","protected":false},"featured_media":14551,"template":"","meta":[],"product_brand":[],"product_cat":[152],"product_tag":[],"class_list":{"0":"post-14550","1":"product","2":"type-product","3":"status-publish","4":"has-post-thumbnail","6":"product_cat-werkzeug","8":"first","9":"instock","10":"sale","11":"shipping-taxable","12":"purchasable","13":"product-type-simple","14":"add-to-wishlist-after_add_to_cart"},"_links":{"self":[{"href":"https:\/\/www.strasser-markt.at\/einkaufen\/wp-json\/wp\/v2\/product\/14550","targetHints":{"allow":["GET"]}}],"collection":[{"href":"https:\/\/www.strasser-markt.at\/einkaufen\/wp-json\/wp\/v2\/product"}],"about":[{"href":"https:\/\/www.strasser-markt.at\/einkaufen\/wp-json\/wp\/v2\/types\/product"}],"wp:featuredmedia":[{"embeddable":true,"href":"https:\/\/www.strasser-markt.at\/einkaufen\/wp-json\/wp\/v2\/media\/14551"}],"wp:attachment":[{"href":"https:\/\/www.strasser-markt.at\/einkaufen\/wp-json\/wp\/v2\/media?parent=14550"}],"wp:term":[{"taxonomy":"product_brand","embeddable":true,"href":"https:\/\/www.strasser-markt.at\/einkaufen\/wp-json\/wp\/v2\/product_brand?post=14550"},{"taxonomy":"product_cat","embeddable":true,"href":"https:\/\/www.strasser-markt.at\/einkaufen\/wp-json\/wp\/v2\/product_cat?post=14550"},{"taxonomy":"product_tag","embeddable":true,"href":"https:\/\/www.strasser-markt.at\/einkaufen\/wp-json\/wp\/v2\/product_tag?post=14550"}],"curies":[{"name":"wp","href":"https:\/\/api.w.org\/{rel}","templated":true}]}}