{"id":14713,"date":"2025-04-15T14:41:09","date_gmt":"2025-04-15T12:41:09","guid":{"rendered":"https:\/\/www.strasser-markt.at\/einkaufen\/?post_type=product&#038;p=14713"},"modified":"2025-04-15T14:56:25","modified_gmt":"2025-04-15T12:56:25","slug":"napoleon-prestige-500-connected-propangasgrill-mit-infrarot-seiten-und-heckbrenner-edelstahl","status":"publish","type":"product","link":"https:\/\/www.strasser-markt.at\/einkaufen\/produkt\/napoleon-prestige-500-connected-propangasgrill-mit-infrarot-seiten-und-heckbrenner-edelstahl\/","title":{"rendered":"Napoleon Prestige 500 Connected Propangasgrill mit Infrarot-Seiten- und Heckbrenner, Edelstahl &#8211; P500VXRSIBPSS-DE"},"content":{"rendered":"<p>Der Prestige 500 Connected Propangasgrill aus Edelstahl mit Infrarot-Seiten- und Heckbrenner hebt das Grillerlebnis auf die n\u00e4chste Stufe und bietet WLAN- und Bluetooth-Konnektivit\u00e4t. Temperatur\u00fcberwachung, Timer, Grillunterst\u00fctzung und Warnungen vor zu hohen Temperaturen &#8211; alles \u00fcber Ihr Smartphone<\/p>\n","protected":false},"excerpt":{"rendered":"<p>Der Prestige 500 Connected Propangasgrill aus Edelstahl mit Infrarot-Seiten- und Heckbrenner hebt das Grillerlebnis auf die n\u00e4chste Stufe und bietet WLAN- und Bluetooth-Konnektivit\u00e4t. Temperatur\u00fcberwachung, Timer, Grillunterst\u00fctzung und Warnungen vor zu hohen Temperaturen &#8211; alles \u00fcber Ihr Smartphone<\/p>\n","protected":false},"featured_media":14714,"template":"","meta":[],"product_brand":[],"product_cat":[193,145],"product_tag":[],"class_list":{"0":"post-14713","1":"product","2":"type-product","3":"status-publish","4":"has-post-thumbnail","6":"product_cat-gasgrill","7":"product_cat-grillen","9":"first","10":"instock","11":"shipping-taxable","12":"purchasable","13":"product-type-simple","14":"add-to-wishlist-after_add_to_cart"},"_links":{"self":[{"href":"https:\/\/www.strasser-markt.at\/einkaufen\/wp-json\/wp\/v2\/product\/14713","targetHints":{"allow":["GET"]}}],"collection":[{"href":"https:\/\/www.strasser-markt.at\/einkaufen\/wp-json\/wp\/v2\/product"}],"about":[{"href":"https:\/\/www.strasser-markt.at\/einkaufen\/wp-json\/wp\/v2\/types\/product"}],"wp:featuredmedia":[{"embeddable":true,"href":"https:\/\/www.strasser-markt.at\/einkaufen\/wp-json\/wp\/v2\/media\/14714"}],"wp:attachment":[{"href":"https:\/\/www.strasser-markt.at\/einkaufen\/wp-json\/wp\/v2\/media?parent=14713"}],"wp:term":[{"taxonomy":"product_brand","embeddable":true,"href":"https:\/\/www.strasser-markt.at\/einkaufen\/wp-json\/wp\/v2\/product_brand?post=14713"},{"taxonomy":"product_cat","embeddable":true,"href":"https:\/\/www.strasser-markt.at\/einkaufen\/wp-json\/wp\/v2\/product_cat?post=14713"},{"taxonomy":"product_tag","embeddable":true,"href":"https:\/\/www.strasser-markt.at\/einkaufen\/wp-json\/wp\/v2\/product_tag?post=14713"}],"curies":[{"name":"wp","href":"https:\/\/api.w.org\/{rel}","templated":true}]}}