{"id":15018,"date":"2026-03-04T06:50:37","date_gmt":"2026-03-04T05:50:37","guid":{"rendered":"https:\/\/www.strasser-markt.at\/einkaufen\/?post_type=product&#038;p=15018"},"modified":"2026-03-04T06:50:37","modified_gmt":"2026-03-04T05:50:37","slug":"milwaukee-m18fhet60g2-0-akku-heckenschere-60cm","status":"publish","type":"product","link":"https:\/\/www.strasser-markt.at\/einkaufen\/produkt\/milwaukee-m18fhet60g2-0-akku-heckenschere-60cm\/","title":{"rendered":"Milwaukee M18FHET60G2-0 Akku-Heckenschere 60cm"},"content":{"rendered":"<p>Solo Version ohne Akkus, ohne Ladeger\u00e4t<\/p>\n","protected":false},"excerpt":{"rendered":"<ul>\n<li>DREHBARER GRIFF<\/li>\n<li>60 CM DOPPELT GESCHLIFFENE MESSER<\/li>\n<li>AUFSETZBARER SCHAFT<\/li>\n<li>60 cm lange, doppelt geschliffene Messer f\u00fcr saubere Schnitte und zum Abtragen von dickerem Material<\/li>\n<li>32 mm Messerabstand zum Schneiden von bis zu 25 mm dicken Hartholz\u00e4sten<\/li>\n<li>Der in 5 Positionen drehbare Griff erm\u00f6glicht eine bessere Kontrolle bei verschiedenen Anwendungen<\/li>\n<li>Bis zu 1 Stunde Laufzeit mit einem M18\u2122 FORGE\u2122 8,0-Ah-Akku<\/li>\n<li>Optimierte Ergonomie f\u00fcr mehr Kontrolle, indem das Gewicht nahe am Anwender gehalten wird<\/li>\n<li>B\u00fcrstenloser MILWAUKEE\u00ae-POWERSTATE\u2122-Motor der die Leistung unter Last aufrechterh\u00e4lt, ohne zu blockieren<\/li>\n<li>Messerspitzen-Schutz zum Schutz des Messers und zur Verhinderung einer versehentlichen Besch\u00e4digung von Z\u00e4unen oder anderen Gegenst\u00e4nden<\/li>\n<li>Bis zu 1 Stunde Betriebszeit mit einem M18\u2122 FORGE\u2122 8,0 Ah-Akku<\/li>\n<li>Die Blockierschutztechnologie erm\u00f6glicht die Umkehrung der Klingenrichtung bei jedem Abzug und bietet die M\u00f6glichkeit, jede Art von Klingenstau leicht<\/li>\n<li>Die DNA unserer FUEL\u2122-Plattform definiert das Gleichgewicht der kabellosen Technologien neu. Der b\u00fcrstenlose POWERSTATE\u2122-Motor von MILWAUKEE\u00ae, der RED<\/li>\n<li>100% systemkompatibel mit dem MILWAUKEE\u00ae-M18\u2122-Produktprogramm<\/li>\n<\/ul>\n","protected":false},"featured_media":15019,"template":"","meta":[],"product_brand":[],"product_cat":[277],"product_tag":[251,280,322,279],"class_list":{"0":"post-15018","1":"product","2":"type-product","3":"status-publish","4":"has-post-thumbnail","6":"product_cat-milwaukee","7":"product_tag-garten","8":"product_tag-milwaukee","9":"product_tag-werkzeug","10":"product_tag-werkzeugset","12":"first","13":"instock","14":"sale","15":"shipping-taxable","16":"purchasable","17":"product-type-simple","18":"add-to-wishlist-after_add_to_cart"},"_links":{"self":[{"href":"https:\/\/www.strasser-markt.at\/einkaufen\/wp-json\/wp\/v2\/product\/15018","targetHints":{"allow":["GET"]}}],"collection":[{"href":"https:\/\/www.strasser-markt.at\/einkaufen\/wp-json\/wp\/v2\/product"}],"about":[{"href":"https:\/\/www.strasser-markt.at\/einkaufen\/wp-json\/wp\/v2\/types\/product"}],"wp:featuredmedia":[{"embeddable":true,"href":"https:\/\/www.strasser-markt.at\/einkaufen\/wp-json\/wp\/v2\/media\/15019"}],"wp:attachment":[{"href":"https:\/\/www.strasser-markt.at\/einkaufen\/wp-json\/wp\/v2\/media?parent=15018"}],"wp:term":[{"taxonomy":"product_brand","embeddable":true,"href":"https:\/\/www.strasser-markt.at\/einkaufen\/wp-json\/wp\/v2\/product_brand?post=15018"},{"taxonomy":"product_cat","embeddable":true,"href":"https:\/\/www.strasser-markt.at\/einkaufen\/wp-json\/wp\/v2\/product_cat?post=15018"},{"taxonomy":"product_tag","embeddable":true,"href":"https:\/\/www.strasser-markt.at\/einkaufen\/wp-json\/wp\/v2\/product_tag?post=15018"}],"curies":[{"name":"wp","href":"https:\/\/api.w.org\/{rel}","templated":true}]}}